{"id":320,"date":"2015-07-27T15:24:46","date_gmt":"2015-07-27T15:24:46","guid":{"rendered":"https:\/\/lafransatravellers.com\/?page_id=320"},"modified":"2026-01-21T11:29:10","modified_gmt":"2026-01-21T10:29:10","slug":"habitacions","status":"publish","type":"page","link":"https:\/\/lafransatravellers.com\/ca\/habitacions\/","title":{"rendered":"Habitacions"},"content":{"rendered":"<p>Les habitacions de La Fran\u00e7a Travellers combinen un interiorisme elegant i rom\u00e0ntic amb una decoraci\u00f3 en tons c\u00e0lids que garanteixen una estan\u00e7a agradable per a descansar despr\u00e9s d\u2019un llarg dia recorrent la ciutat.<\/p>\n<p>Oferim 5 tipus d\u2019espai diferents que van des de la Standard a la Gran Suite amb banyera d&#8217;hidromassatge. Esculli la que millor s\u2019adapti al seu gust i necessitats.<\/p>\n<p>Totes les nostres habitacions disposen dels seg\u00fcents equipaments i serveis:<\/p>\n<div class=\"container twelve columns special\" style=\"margin-bottom: 20px; padding-left: 15%; padding-right: 15%;\">\n<div class=\"row\">\n<div class=\"three columns\" style=\"text-align: center; margin-bottom: 30px;\"><img decoding=\"async\" loading=\"lazy\" class=\"aligncenter\" src=\"https:\/\/lafransatravellers.com\/wp-content\/uploads\/2018\/07\/Cama.svg\" alt=\"\" width=\"60\" height=\"auto\" \/><br \/>\n<strong>Llit doble King Size<\/strong><\/div>\n<div class=\"three columns\" style=\"text-align: center; margin-left: 0; margin-bottom: 30px;\"><img decoding=\"async\" loading=\"lazy\" class=\"aligncenter\" src=\"https:\/\/lafransatravellers.com\/wp-content\/uploads\/2018\/07\/AireAcondicionado.svg\" alt=\"\" width=\"60\" height=\"auto\" \/><br \/>\n<strong>Climatitzaci\u00f3<\/strong><\/div>\n<div class=\"three columns\" style=\"text-align: center; margin-left: 0; margin-bottom: 30px;\"><img decoding=\"async\" loading=\"lazy\" class=\"aligncenter\" src=\"https:\/\/lafransatravellers.com\/wp-content\/uploads\/2018\/07\/Secador.svg\" alt=\"\" width=\"60\" height=\"auto\" \/><br \/>\n<strong>Assecador de cabells<\/strong><\/div>\n<div class=\"three columns\" style=\"text-align: center; margin-left: 0; margin-bottom: 30px;\"><img decoding=\"async\" loading=\"lazy\" class=\"aligncenter\" src=\"https:\/\/lafransatravellers.com\/wp-content\/uploads\/2018\/07\/Wi-fi.svg\" alt=\"\" width=\"60\" height=\"auto\" \/><br \/>\n<strong>WiFi<\/strong><\/div>\n<\/div>\n<\/div>\n<div class=\"container twelve columns special\" style=\"margin-bottom: 20px; padding-left: 15%; padding-right: 15%;\">\n<div class=\"row\">\n<div class=\"three columns\" style=\"text-align: center; margin-left: 0; margin-bottom: 30px;\"><img decoding=\"async\" loading=\"lazy\" class=\"aligncenter\" src=\"https:\/\/lafransatravellers.com\/wp-content\/uploads\/2018\/07\/SmartTV.svg\" alt=\"\" width=\"60\" height=\"auto\" \/><br \/>\n<strong>TV amb canals internacionals<\/strong><\/div>\n<div class=\"three columns\" style=\"text-align: center; margin-left: 0; margin-bottom: 30px;\"><img decoding=\"async\" loading=\"lazy\" class=\"aligncenter\" src=\"https:\/\/lafransatravellers.com\/wp-content\/uploads\/2018\/07\/Amenities.svg\" alt=\"\" width=\"60\" height=\"auto\" \/><br \/>\n<strong>Amenities de bany<\/strong><\/div>\n<div class=\"three columns\" style=\"text-align: center; margin-left: 0; margin-bottom: 30px;\"><img decoding=\"async\" loading=\"lazy\" class=\"aligncenter\" src=\"https:\/\/lafransatravellers.com\/wp-content\/uploads\/2018\/07\/Parking.svg\" alt=\"\" width=\"60\" height=\"auto\" \/><br \/>\n<strong>Parking de pagament o gratu\u00eft*<\/strong><\/div>\n<div class=\"three columns\" style=\"text-align: center; margin-left: 0; margin-bottom: 30px;\"><img decoding=\"async\" loading=\"lazy\" class=\"aligncenter\" src=\"https:\/\/lafransatravellers.com\/wp-content\/uploads\/2018\/07\/servicio24h.svg\" alt=\"\" width=\"60\" height=\"auto\" \/><br \/>\n<strong>Servei d&#8217;habitacions<br \/>\n7 a.m. &#8211; 2 a.m.<\/strong><\/div>\n<\/div>\n<div>\n<p style=\"padding-right: 5%; padding-left: 5%;\">* Aparcament de pagament de l\u20191\/3 al 31\/10 i gratu\u00eft de l\u20191\/11 al 28\/2, per a turismes i motos. Vehicles amb mesures especials preguem es posin en contacte amb nosaltres per a confirmar mesures i condicions.<\/p>\n<\/div>\n<\/div>\n","protected":false},"excerpt":{"rendered":"<p>Les habitacions de La Fran\u00e7a Travellers combinen un interiorisme elegant i rom\u00e0ntic amb una decoraci\u00f3 en tons c\u00e0lids que garanteixen una estan\u00e7a agradable per a descansar despr\u00e9s d\u2019un llarg dia recorrent la ciutat. Oferim 5 tipus d\u2019espai diferents que van des de la Standard a la Gran Suite amb banyera d&#8217;hidromassatge. Esculli la que millor [&hellip;]<\/p>\n","protected":false},"author":2,"featured_media":0,"parent":0,"menu_order":0,"comment_status":"closed","ping_status":"closed","template":"page-habitaciones.php","meta":[],"acf":[],"_links":{"self":[{"href":"https:\/\/lafransatravellers.com\/ca\/wp-json\/wp\/v2\/pages\/320"}],"collection":[{"href":"https:\/\/lafransatravellers.com\/ca\/wp-json\/wp\/v2\/pages"}],"about":[{"href":"https:\/\/lafransatravellers.com\/ca\/wp-json\/wp\/v2\/types\/page"}],"author":[{"embeddable":true,"href":"https:\/\/lafransatravellers.com\/ca\/wp-json\/wp\/v2\/users\/2"}],"replies":[{"embeddable":true,"href":"https:\/\/lafransatravellers.com\/ca\/wp-json\/wp\/v2\/comments?post=320"}],"version-history":[{"count":0,"href":"https:\/\/lafransatravellers.com\/ca\/wp-json\/wp\/v2\/pages\/320\/revisions"}],"wp:attachment":[{"href":"https:\/\/lafransatravellers.com\/ca\/wp-json\/wp\/v2\/media?parent=320"}],"curies":[{"name":"wp","href":"https:\/\/api.w.org\/{rel}","templated":true}]}}

<p>Les habitacions de La França Travellers combinen un interiorisme elegant i romàntic amb una decoració en tons càlids que garanteixen una estança agradable per a descansar després d’un llarg dia recorrent la ciutat.</p>
<p>Oferim 5 tipus d’espai diferents que van des de la Standard a la Gran Suite amb banyera d&#8217;hidromassatge. Esculli la que millor s’adapti al seu gust i necessitats.</p>
<p>Totes les nostres habitacions disposen dels següents equipaments i serveis:</p>
<div class="container twelve columns special" style="margin-bottom: 20px; padding-left: 15%; padding-right: 15%;">
<div class="row">
<div class="three columns" style="text-align: center; margin-bottom: 30px;"><img decoding="async" loading="lazy" class="aligncenter" src="https://lafransatravellers.com/wp-content/uploads/2018/07/Cama.svg" alt="" width="60" height="auto" /><br />
<strong>Llit doble King Size</strong></div>
<div class="three columns" style="text-align: center; margin-left: 0; margin-bottom: 30px;"><img decoding="async" loading="lazy" class="aligncenter" src="https://lafransatravellers.com/wp-content/uploads/2018/07/AireAcondicionado.svg" alt="" width="60" height="auto" /><br />
<strong>Climatització</strong></div>
<div class="three columns" style="text-align: center; margin-left: 0; margin-bottom: 30px;"><img decoding="async" loading="lazy" class="aligncenter" src="https://lafransatravellers.com/wp-content/uploads/2018/07/Secador.svg" alt="" width="60" height="auto" /><br />
<strong>Assecador de cabells</strong></div>
<div class="three columns" style="text-align: center; margin-left: 0; margin-bottom: 30px;"><img decoding="async" loading="lazy" class="aligncenter" src="https://lafransatravellers.com/wp-content/uploads/2018/07/Wi-fi.svg" alt="" width="60" height="auto" /><br />
<strong>WiFi</strong></div>
</div>
</div>
<div class="container twelve columns special" style="margin-bottom: 20px; padding-left: 15%; padding-right: 15%;">
<div class="row">
<div class="three columns" style="text-align: center; margin-left: 0; margin-bottom: 30px;"><img decoding="async" loading="lazy" class="aligncenter" src="https://lafransatravellers.com/wp-content/uploads/2018/07/SmartTV.svg" alt="" width="60" height="auto" /><br />
<strong>TV amb canals internacionals</strong></div>
<div class="three columns" style="text-align: center; margin-left: 0; margin-bottom: 30px;"><img decoding="async" loading="lazy" class="aligncenter" src="https://lafransatravellers.com/wp-content/uploads/2018/07/Amenities.svg" alt="" width="60" height="auto" /><br />
<strong>Amenities de bany</strong></div>
<div class="three columns" style="text-align: center; margin-left: 0; margin-bottom: 30px;"><img decoding="async" loading="lazy" class="aligncenter" src="https://lafransatravellers.com/wp-content/uploads/2018/07/Parking.svg" alt="" width="60" height="auto" /><br />
<strong>Parking de pagament o gratuït*</strong></div>
<div class="three columns" style="text-align: center; margin-left: 0; margin-bottom: 30px;"><img decoding="async" loading="lazy" class="aligncenter" src="https://lafransatravellers.com/wp-content/uploads/2018/07/servicio24h.svg" alt="" width="60" height="auto" /><br />
<strong>Servei d&#8217;habitacions<br />
7 a.m. &#8211; 2 a.m.</strong></div>
</div>
<div>
<p style="padding-right: 5%; padding-left: 5%;">* Aparcament de pagament de l’1/3 al 31/10 i gratuït de l’1/11 al 28/2, per a turismes i motos. Vehicles amb mesures especials preguem es posin en contacte amb nosaltres per a confirmar mesures i condicions.</p>
</div>
</div>

<p>Les habitacions de La França Travellers combinen un interiorisme elegant i romàntic amb una decoració en tons càlids que garanteixen una estança agradable per a descansar després d’un llarg dia recorrent la ciutat. Oferim 5 tipus d’espai diferents que van des de la Standard a la Gran Suite amb banyera d&#8217;hidromassatge. Esculli la que millor [&hellip;]</p>
